-j. Let g(p) = -2 + 2 - p - 1 + p**q. Give g(2).
1
Let w(o) = o + 6. Let l be w(-6). Let r(t) be the third derivative of 0*t + l - t**3 + t**2 - 1/60*t**5 - 7/24*t**4. What is r(-5)?
4
Let z(p) be the second derivative of -p**4/12 + p**3 + 2*p**2 - 10*p. What is z(6)?
4
Let n(g) = -g**3 + 12*g**2 - g + 14. Let w be n(12). Let t(k) = -3*k**2 + k + 1. Let o(y) = 4*y**2 - 2. Let r(h) = 2*o(h) + 3*t(h). Determine r(w).
1
Let s(k) = k - 2. Let y(z) = z**3 + z**2 + 5. Let n be y(0). What is s(n)?
3
Let s = -39 - -43. Let o(k) = k**3 - 5*k**2 + 3*k + 2. Determine o(s).
-2
Let v be 14/(-4) + (-2)/4. Let r be 1/(-1 + v/(-3)). Let l(p) = 3*p**2 + r*p - 4*p**2 + 0*p**2. Give l(4).
-4
Let b(s) = -1. Let y(a) = 3*a - 7. Let m(t) = -t**2 - 2*t + 4. Let i be m(-3). Let k(r) = i*y(r) - 6*b(r). Let g be k(2). Let x(w) = -2*w + 4. Calculate x(g).
-6
Let j(u) = u**2 + 9*u - 6. Let x be j(-9). Let q(a) = -a**3 - 5*a**2 + 7*a + 9. Determine q(x).
3
Let n(p) = -p**3 + 10*p**2 + 11*p - 2. Suppose -5*l = -15, -5*l - 18 = i - 4*i. Calculate n(i).
-2
Let a(h) be the second derivative of -h**5/20 + h**4/12 + h**3/6 - h**2/2 + h. Let p(f) = -3*f**3 - 5*f**2 - 5*f - 2. Let g(n) = 2*a(n) - p(n). Give g(-6).
-6
Let s(n) be the third derivative of 0*n + 1/12*n**4 + 1/6*n**3 + 1/30*n**5 + 0 + n**2. Determine s(-2).
5
Let r(w) = 3*w - 4*w - 1 - 4*w**2 + w**3 + 2*w. Give r(4).
3
Let f = 3 + 9. Let r = f - 13. Let g(y) be the third derivative of -11*y**4/24 - y**3/6 + 2*y**2. What is g(r)?
10
Let c(g) = -g**2 + g + 1. Let s(t) = -2*t**2 + 2*t + 2. Let i(w) = -5*c(w) + 2*s(w). Determine i(5).
19
Suppose 20 = -18*p + 14*p. Let i(j) = -j**3 - 4*j**2 + 8*j + 7. Determine i(p).
-8
Let z(r) = r - 7. Let f(p) = -p + 6. Let v(l) = -3*f(l) - 4*z(l). What is v(7)?
3
Let j(t) = -4*t**2 + 7*t + t**2 - 2*t - 4*t - t**3 + 2. What is j(-3)?
-1
Let y(v) = v**2 + 4*v + 2. Let m(c) = -c - 13. Let a be m(-9). What is y(a)?
2
Let r(b) = 5 - 3*b - 4*b**2 - 3 - 5. Let s(p) = 0*p + 4 - 2*p**2 + 6*p + 7*p**2 - 2*p. Let c(g) = -3*r(g) - 2*s(g). Determine c(-2).
7
Let c = -3 + 5. Let n(h) = -2*h**3 + 7*h**2 - 4*h - 6. Let j(p) = -p**2 + p + 1. Suppose 1 = -t + 2. Let b(i) = t*n(i) + 6*j(i). Calculate b(c).
-8
Let v(x) be the second derivative of -x**4/12 + x**2 + 3*x. Suppose 15 = h + 4*h. What is v(h)?
-7
Let z = 6 + -7. Let x be 6/(z*(0 + 2)). Let f(c) = 5 - 3 + 3*c + 2 + 2*c**2 + 2*c. What is f(x)?
7
Let d be (-22)/6 - 2/6. Let l(r) = -r - 5*r - 2 + 4*r + 3*r. Determine l(d).
-6
Let f(r) = -r**3 + 4*r**2 + 5*r. Suppose -10*t = -8*t - 10. Give f(t).
0
Let i(r) = 8*r**2 + 3*r**3 - 7*r**2 - 3*r - 2 + 0. Give i(-2).
-16
Let n be 3/(-2)*(-16)/6. Suppose 5*b + n*h = -0*h + 2, 5*b - 5*h + 25 = 0. Let i(k) = -5*k - 3*k**2 - 1 + 4*k - 2*k. Calculate i(b).
-7
Let l(p) = -p**3 + p**2 + 2. Let u = -16 + 9. Let w = u - -12. Suppose -z - 2*y - 4 = 0, 3*y - 4 = w*y. Give l(z).
2
Let c(k) be the first derivative of 2*k**3 - 4 + 0*k + 1/2*k**2. Determine c(-1).
5
Let z(b) = -3*b**3 - 8*b**2 + 3*b - 6. Let t(g) = g**3 + g**2. Let s(c) = 4*t(c) + z(c). Give s(4).
6
Let b(o) be the third derivative of o**7/840 + o**6/360 - o**5/120 + o**4/12 - o**2. Let c(y) be the second derivative of b(y). What is c(1)?
4
Let z(k) be the second derivative of k**4/12 + 5*k**3/6 + 3*k**2 + k. Suppose -3*d + 5 = 20. What is z(d)?
6
Let i(m) = 4*m**2 + 3*m. Let k be 14/35 + 36/(-15). Give i(k).
10
Suppose 0 = -3*i + 2*i + 5. Let b = -6 + i. Let a(s) = 7*s**2. What is a(b)?
7
Let f = -12 - -19. Let s(z) = -10*z - 14. Let n(i) = 3*i + 5. Let t(m) = f*n(m) + 2*s(m). What is t(0)?
7
Suppose 2*l = 5*y - 6, 4*y + 0*l - l - 3 = 0. Let o(z) = -z**3 - z - 3. Give o(y).
-3
Let y(w) = -w**3 + 4*w**2 + w + 4. Suppose -5*l - t + 6 = -19, t = 0. Determine y(l).
-16
Suppose -5*m - 2*d = 11, -m - 3*d - 7 = -3*m. Let j be m/(-2)*0 - -1. Let z(f) = 2*f - 3 + 3 + j. What is z(-3)?
-5
Suppose 0 = 4*u - 4*q, 3*u - 4*q - 12 = 2*u. Let g(l) = -l**3 - 6*l**2 - 4*l. What is g(u)?
-16
Let s(t) = -t**2 + 8*t - 14. Let c be s(5). Let x = -2 - -2. Let q(y) = x + 0 - 6*y. What is q(c)?
-6
Let s(l) = l**2 - 3. Let z be s(0). Let d(q) = -q**2 - 3*q + 3 - q + q. Calculate d(z).
3
Let k(j) = 6*j**2 + 1. Let m(y) = 2 + 9*y**2 + 1 + 10*y**2 + 0*y**2. Let l(h) = 7*k(h) - 2*m(h). Give l(1).
5
Let a(y) = -y**3 + 9*y**2 + 10*y - 2. Let c(r) = r**2 - 3*r + 10. Let b be c(3). Give a(b).
-2
Suppose q - 6 = -2*p, 0 = -4*q + q - 3*p + 6. Let b(c) = -c**3 + 3*c**2 + 2*c + 2. Give b(q).
18
Suppose 5*j - 34 = -4. Let i(v) = 2*v - 8. Let s be i(j). Suppose -3 = -s*r + r. Let b(q) = -5*q**3 + 2*q**2 - 2*q + 1. Calculate b(r).
-4
Let o(k) be the second derivative of -k**4/12 - 5*k**3/6 - 2*k**2 + 80*k. Let f(b) = 3*b**2 - 1. Let t be f(-1). Suppose t*p + 2*p = -20. Calculate o(p).
-4
Let l(p) = 4 - 4*p - 4 + 3. Determine l(3).
-9
Let r(s) = -s + 1. Let q(v) = 4*v**3 + 7*v**2 + 2*v + 1. Let y(b) = -4*b**3 - 6*b**2 - 2*b - 1. Let a(n) = -5*q(n) - 6*y(n). Let m be a(-1). What is r(m)?
5
Let m(c) = 8*c**2. Let y be (-10)/(-1)*(-2)/(-4). Suppose -3 = -2*t + y*t + d, 3*d - 4 = 4*t. Give m(t).
8
Let t(w) be the third derivative of 11*w**6/120 - w**4/24 - 5*w**2. What is t(-1)?
-10
Let l(w) = -w**3 - 4*w**2 + 5. Let h be l(-4). Let d(o) = 2*o - 4. Determine d(h).
6
Suppose 9*p - 72 = -3*p. Let q(o) = 6*o**2 - o + 2. Let c(u) = 7*u**2 + 3. Let j(x) = -5*c(x) + 6*q(x). Give j(p).
-3
Let v(p) = 4*p**2 + p + p**3 - 16*p**2 + 11*p**2 + 7. Give v(0).
7
Let l(o) = o**2 - 4*o - 2. Suppose 3*m - 6 = 9. Let u = -3 - m. Let r = u + 13. Calculate l(r).
3
Let c(r) = 2*r**2 - 15*r**2 + 5*r**2 + 7*r**2 + 2. Calculate c(-2).
-2
Let f(i) = -2*i**2 - 5*i**3 - 5*i**3 + 1 + 4*i**3 + 2*i**3. Calculate f(1).
-5
Let i(h) be the second derivative of -h**5/20 - h**4/4 - 2*h**3/3 + h**2/2 + 8*h. What is i(-3)?
13
Let v(w) be the first derivative of -w**2 + 4*w - 1. Suppose -3 + 11 = x. Let t be (-10)/(-8)*x/2. Determine v(t).
-6
Let l(c) be the first derivative of -4*c**2 + c + 2. Let j be -3 - (-12 - (-3)/1). Let i be ((-3)/(-9))/((-2)/j). Give l(i).
9
Suppose a + 4 = 0, -22 = -p - p + 3*a. Let x(f) = f**3 - 6*f**2 + 7*f + 1. Determine x(p).
11
Let g be (-30)/(-9) + 8/(-6). Let i(k) = -k**2 + 5*k - 1. Calculate i(g).
5
Let x(a) be the first derivative of a**6/360 + a**5/60 + a**4/24 + a**3 - 3. Let o(w) be the third derivative of x(w). Determine o(-2).
1
Let m(v) = -v - 1. Let x(j) = -6*j - 9. Let r(a) = 5*m(a) - x(a). Let h(y) = -4*y**2 + 1. Let p be h(-1). What is r(p)?
1
Let y be (-2)/7 + 89/(-7). Let p = -9 - y. Let r(n) = n**3 - 9*n**2 - 8*n + 2. Let b(s) = s**3 - 10*s**2 - 9*s + 3. Let m(a) = 6*b(a) - 7*r(a). Calculate m(p).
-4
Let f(z) = z**3 - z - 1. Suppose -2*x - 2 = -4*x + u, 4*x = 5*u + 10. Give f(x).
-1
Let p = 6 + -4. Let k(b) = -9*b**2 + 0*b**2 + b + 2*b**2 - b**p. Give k(1).
-7
Let t(v) = 2*v**2 + v + 1. Suppose 0 = 4*n - 4*i + 24, -5*n + 2 = 3*i - 0. Calculate t(n).
7
Let m = 10 - 10. Let o(j) = -j**2 - j + 13. What is o(m)?
13
Let s(z) = -5*z + 9. Let w(m) = 6*m - 10. Let d(y) = -5*s(y) - 4*w(y). Determine d(0).
-5
Let b(t) be the third derivative of -t**5/15 + t**4/24 + t**3/6 - 15*t**2. Determine b(2).
-13
Suppose 0 = -20*o + 19*o + 3. Let u(d) = 7*d - 1. What is u(o)?
20
Let o(f) = f**3 + 4*f**2 + 3*f + 4. Let p be 20/(-8)*(-24)/(-15). Calculate o(p).
-8
Let w(l) = 2 + 0*l**3 + 2*l**3 + 5*l**2 - 8*l**2. Determine w(2).
6
Let y(j) = -j**3 - 5*j**2 + j. Suppose -2*q = -0*q + 8. Let n = q - 1. What is y(n)?
-5
Let v(d) = -d + 10. Let g(h) = h - 9. Let p(j) = 7*g(j) + 6*v(j). Calculate p(-3).
-6
Let z(m) = 8*m**2 - m. Suppose -7 = -2*a - b, -5*a - 4*b = -3*b - 19. Suppose 4 = -0*d - a*d. Give z(d).
9
Suppose -2 = f - 4. Let j be ((-1)/f)/(1/(-4)). Let h(g) = 2 - 2*g**2 - 2 + g + g**3 - 2. Give h(j).
0
Let k be 3*-2*(-7)/14 - -2. Let a(q) = q**2 - 5*q + 5. Determine a(k).
5
Let l(d) be the third derivative of d**4/24 - 5*d**3/6 - 6*d**2. What is l(4)?
-1
Let x(t) = -t**2 + 4*t + 2. Let k be x(4). Let m(z) = 2*z**2 - 2 - 8*z**2 + z + 5*z**2. What is m(k)?
-4
Let u(d) = d**3 + 6*d**2 + 5*d + 4. Let j(w) = 7 - w - 2 - 2*w - w**3 + 10*w**2 + 2*w. Let y be j(10). Determine u(y).
4
Let u(f) be the third derivative of -1/12*f**5 - 1/6*f**4 - f**3 + f**2 + 0 + 0*f - 1/120*f**6. Let s(a) = -a**2 + 9*a - 12. Le